 a composite number?
False
Is 2054687 prime?
True
Is 1300877 a composite number?
True
Is 1405939 composite?
False
Is 331319 a composite number?
False
Is 7054 a prime number?
False
Is 1463765 a prime number?
False
Is 3329 prime?
True
Is 2402857 composite?
False
Is 853 a prime number?
True
Is 22511 composite?
False
Is 165067 a prime number?
False
Is 5923 a prime number?
True
Is 129113 prime?
True
Is 628799 a prime number?
True
Is 849943 prime?
True
Is 62921 composite?
False
Is 713 composite?
True
Is 719333 prime?
True
Is 2453 composite?
True
Is 261779 a prime number?
False
Is 91 composite?
True
Is 42131 a composite number?
False
Is 27595 composite?
True
Is 9287 composite?
True
Is 166723 a composite number?
False
Is 222107 composite?
False
Is 25405 a prime number?
False
Is 24359 a prime number?
True
Is 247517 composite?
True
Is 409087 prime?
False
Is 653753 prime?
False
Is 25133 prime?
False
Is 20329 a composite number?
True
Is 95 composite?
True
Is 53974 a composite number?
True
Is 4783 prime?
True
Is 437629 composite?
False
Is 30883 composite?
True
Is 8263 composite?
False
Is 205837 composite?
False
Is 54767 prime?
True
Is 275393 a composite number?
False
Is 519989 a composite number?
False
Is 4989 a prime number?
False
Is 363211 a composite number?
False
Is 2846 prime?
False
Is 28079 composite?
True
Is 96113 a prime number?
False
Is 11369 prime?
True
Is 415237 composite?
True
Is 12229 composite?
True
Is 20257 prime?
False
Is 1060943 a prime number?
False
Is 562099 composite?
True
Is 975227 prime?
False
Is 73249 a prime number?
False
Is 11299 a prime number?
True
Is 137161 a composite number?
True
Is 21077 a prime number?
False
Is 3802 composite?
True
Is 72299 a prime number?
False
Is 9194 a composite number?
True
Is 6997 prime?
True
Is 148529 a prime number?
False
Is 25889 a prime number?
True
Is 253229 composite?
False
Is 2753321 composite?
True
Is 63467 a prime number?
True
Is 424537 prime?
True
Is 10729 prime?
True
Is 318001 composite?
False
Is 898519 a composite number?
False
Is 10133 prime?
True
Is 28697 a prime number?
True
Is 13367 a prime number?
True
Is 2609 a composite number?
False
Is 6613 a composite number?
True
Is 4751 a prime number?
True
Is 103979 prime?
True
Is 73279 a composite number?
True
Is 9274 a composite number?
True
Is 921 a prime number?
False
Is 91121 composite?
False
Is 407483 a prime number?
True
Is 810881 prime?
True
Is 2116069 composite?
True
Is 27149 prime?
False
Is 1783 prime?
True
Is 124521 composite?
True
Is 18295 composite?
True
Is 68883 prime?
False
Is 69269 a composite number?
True
Is 1031 a composite number?
False
Is 524747 a composite number?
True
Is 31883 composite?
False
Is 8191 prime?
True
Is 30743 a composite number?
True
Is 9509 a prime number?
False
Is 4342115 a prime number?
False
Is 7034429 prime?
True
Is 12569 composite?
False
Is 2120411 composite?
False
Is 1110289 a composite number?
False
Is 22109 a prime number?
True
Is 1211 a composite number?
True
Is 911 composite?
False
Is 4699 prime?
False
Is 311371 prime?
True
Is 52237 composite?
False
Is 79133 a composite number?
False
Is 3407 composite?
False
Is 220795 prime?
False
Is 42481 prime?
False
Is 227749 a composite number?
True
Is 9997 prime?
False
Is 77641 prime?
True
Is 1826771 composite?
False
Is 9199 a prime number?
True
Is 7721 a prime number?
False
Is 8053 prime?
True
Is 52411 a composite number?
True
Is 214 composite?
True
Is 46673 composite?
True
Is 11027 a prime number?
True
Is 15971 a composite number?
False
Is 919498 a prime number?
False
Is 572809 prime?
False
Is 111143 prime?
True
Is 25391 a composite number?
False
Is 296299 composite?
False
Is 725231 composite?
True
Is 2847127 prime?
True
Is 763 a prime number?
False
Is 47623 a prime number?
True
Is 5981 a composite number?
False
Is 611605 a composite number?
True
Is 989801 composite?
True
Is 15809 prime?
True
Is 3694 a prime number?
False
Is 47597 a composite number?
True
Is 1203985 a prime number?
False
Is 13466 composite?
True
Is 46367 prime?
False
Is 9451 a composite number?
True
Is 17785 prime?
False
Is 241013 a composite number?
False
Is 1496291 a prime number?
True
Is 1013179 a composite number?
True
Is 32345 a composite number?
True
Is 3163 composite?
False
Is 458677 a composite number?
True
Is 476369 composite?
False
Is 2777 prime?
True
Is 80599 composite?
False
Is 38137 composite?
True
Is 572003 prime?
False
Is 12373 a prime number?
True
Is 82829 a composite number?
True
Is 23969 composite?
True
Is 11252141 prime?
True
Is 18947 a prime number?
True
Is 2543719 a prime number?
True
Is 153871 a composite number?
False
Is 127438 a composite number?
True
Is 38249 composite?
True
Is 22757 a prime number?
False
Is 36341 a composite number?
False
Is 124297 a prime number?
True
Is 113507 a composite number?
True
Is 703429 prime?
False
Is 970297 prime?
True
Is 8501 prime?
True
Is 104579 a composite number?
False
Is 648191 a prime number?
True
Is 160399 a prime number?
False
Is 64969 a prime number?
True
Is 1537933 a composite number?
False
Is 33401 composite?
True
Is 3413819 a composite number?
False
Is 46 prime?
False
Is 1600178 a composite number?
True
Is 177623 a composite number?
False
Is 389 a prime number?
True
Is 11283 composite?
True
Is 125871 composite?
True
Is 31721 prime?
True
Is 4535 composite?
True
Is 556441 prime?
True
Is 533989 composite?
False
Is 196921 a composite number?
True
Is 638285 composite?
True
Is 60833 prime?
False
Is 637801 a composite number?
True
Is 37477 composite?
True
Is 303073 a composite number?
False
Is 604223 prime?
True
Is 12283 a composite number?
True
Is 959 a prime number?
False
Is 16183 a prime number?
True
Is 948963 a prime number?
False
Is 2403745 prime?
False
Is 44519 prime?
True
Is 1101469 prime?
False
Is 99742 a composite number?
True
Is 1574 composite?
True
Is 9871 prime?
True
Is 1311449 a prime number?
True
Is 4647 prime?
False
Is 497093 a prime number?
True
Is 193073 composite?
False
Is 632297 a prime number?
True
Is 127423 prime?
True
Is 60559 a prime number?
False
Is 106903 prime?
True
Is 1468963 composite?
False
Is 78977 prime?
True
Is 6761 composite?
False
Is 3863 a composite number?
False
Is 177701 composite?
True
Is 49589 a composite number?
True
Is 103561 a composite number?
False
Is 27299 a composite number?
False
Is 45679 a composite number?
True
Is 582745 a composite number?
True
Is 1552757 a prime number?
True
Is 1099 a prime number?
False
Is 79469 prime?
False
Is 84603 composite?
True
Is 4835 a composite number?
True
Is 1777 a composite number?
False
Is 61989 prime?
False
Is 11677 prime?
True
Is 127 a prime number?
True
Is 8509 prime?
False
Is 2062 a prime number?
False
Is 19531 a prime number?
True
Is 7813 prime?
False
Is 121073 composite?
True
Is 9253 composite?
True
Is 581345 a composite number?
True
Is 114193 a prime number?
True
Is 13607 composite?
True
Is 67463 a composite number?
True
Is 254335 composite?
True
Is 3561 a composite number?
True
Is 258371 composite?
True
Is 285823 a composite number?
False
Is 35914 a composite number?
True
Is 951653 composite?
True
Is 102629 a composite number?
True
Is 4391 prime?
True
Is 10261 prime?
False
Is 2027 composite?
False
Is 12499 prime?
False
Is 368259 a prime number?
False
Is 2962 a prime number?
False
Is 279847 a composite number?
False
Is 16823 a composite number?
False
Is 106549 a composite number?
True
Is 189307 prime?
True
Is 19042 a composite number?
True
Is 377761 composite?
False
Is 16871 a composite number?
False
Is 4861 a prime number?
True
Is 94199 composite?
True
Is 318671 a composite number?
False
Is 2579 composite?
False
Is 30631 a prime number?
True
Is 350281 a prime number?
True
Is 119993 a composite number?
False
Is 106039 a composite number?
True
Is 12497 prime?
True
Is 26221 prime?
False
Is 1141 prime?
False
Is 8467 a prime number?
True
Is 188014 composite?
True
Is 20543 composite?
False
Is 30379 prime?
False
Is 3457 prime?
True
Is 117913 a composite number?
True
Is 3014543 composite?
True
Is 19921 prime?
False
Is 4861 a composite number?
False
Is 136043 a composite number?
False
Is 16087 prime?
True
Is 1327993 prime?
False
Is 153313 a composite number?
False
Is 6449 a composite number?
False
Is 596461 prime?
True
Is 29819 prime?
True
Is 128549 a